{"id":313,"date":"2013-05-17T09:53:39","date_gmt":"2013-05-17T09:53:39","guid":{"rendered":"http:\/\/www.forumeudebatt.se\/?page_id=313"},"modified":"2023-02-13T12:44:14","modified_gmt":"2023-02-13T12:44:14","slug":"lastips","status":"publish","type":"page","link":"https:\/\/www.forumeudebatt.se\/?page_id=313","title":{"rendered":"L\u00e4stips"},"content":{"rendered":"<p>Ahlenius,<strong style=\"color: var( --e-global-color-text ); font-family: var( --e-global-typography-text-font-family ), Sans-serif; font-size: var(--global--font-size-base);\"> Anell, Feldt o Sohlman<\/strong>, <em style=\"color: var( --e-global-color-text ); font-family: var( --e-global-typography-text-font-family ), Sans-serif; font-weight: var( --e-global-typography-text-font-weight ); font-size: var(--global--font-size-base);\">EU-budgeten h\u00e4mmar tillv\u00e4xt och \u00f6kar or\u00e4ttvisor<\/em>, DN-debatt 20140313. <strong style=\"color: var( --e-global-color-text ); font-family: var( --e-global-typography-text-font-family ), Sans-serif; font-size: var(--global--font-size-base);\"><a href=\"http:\/\/www.dn.se\/debatt\/eu-budgeten-hammar-tillvaxt-och-okar-orattvisor\/\" target=\"_blank\" rel=\"noopener\">L\u00e4nk<\/a><\/strong> till artikeln.<\/p>\n<p><strong>Lars Calmfors<\/strong>, <em>Finlands sak \u00e4r sv\u00e5r<\/em>, DN 20140227. <strong><a href=\"http:\/\/www.dn.se\/ledare\/kolumner\/finlands-sak-ar-svar\/\" target=\"_blank\" rel=\"noopener\">L\u00e4nk<\/a><\/strong> till artikeln.<\/p>\n<p><strong>Lars Calmfors m fl<\/strong>, <em>\u00d6verlever euron? Sex ekonomer om eurokrisen<\/em>, FORES 2013. <strong><a href=\"https:\/\/fores.se\/publikation\/overlever-euron\/\" target=\"_blank\" rel=\"noopener\">L\u00e4nk<\/a><\/strong> till tankesmedjan FORES presentation av boken.<\/p>\n<p><strong>Lars Anell<\/strong>, <em>Europas v\u00e4g &#8211; f\u00f6rening och m\u00e5ngfald<\/em>, Premiss f\u00f6rlag 2009.&nbsp;<strong><a href=\"http:\/\/www.premissforlag.se\/bok\/europas-vag\/\" target=\"_blank\" rel=\"noopener\">L\u00e4nk<\/a>&nbsp;<\/strong>till f\u00f6rlagets presentation.<\/p>\n<p><strong>Stefan de Vylder<\/strong>, <em>Eurokrisen<\/em>, Ordfonts f\u00f6rlag, 2012.&nbsp;<a href=\"https:\/\/ordfrontforlag.se\/ordfront_bok\/eurokrisen-2\/\" target=\"_blank\" rel=\"noopener\"><b>L\u00e4nk<\/b><\/a><strong>&nbsp;<\/strong>till f\u00f6rlagets presentation.<\/p>\n<p><strong>Helle Larssen<\/strong>,&nbsp;<em>Tystnadens Europa &#8211; om whistleblowing, korruption och urholkad demokrati i Bryssel<\/em>,&nbsp;Celanders f\u00f6rlag 2012.&nbsp;<a href=\"https:\/\/celanders.se\/bocker\/facklitteratur\/tystnadens-europa\" target=\"_blank\" rel=\"noopener\"><strong>L\u00e4nk<\/strong><\/a>&nbsp;till bokens hemsida.<\/p>\n<p><strong>Mats Persson<\/strong>, <em>Den europeiska skuldkrisen<\/em>, SNS f\u00f6rlag 2012. <strong><a href=\"https:\/\/www.sns.se\/artiklar\/den-europeiska-skuldkrisen\/\">L\u00e4nk<\/a> <\/strong>till f\u00f6rlagets presentation &#8211; sidan inneh\u00e5ller \u00e4ven l\u00e4nkar till recensioner etc av boken.<\/p>\n","protected":false},"excerpt":{"rendered":"<p>Ahlenius, Anell, Feldt o Sohlman, EU-budgeten h\u00e4mmar tillv\u00e4xt och \u00f6kar or\u00e4ttvisor, DN-debatt 20140313. L\u00e4nk till artikeln. Lars Calmfors, Finlands sak \u00e4r sv\u00e5r, DN 20140227. L\u00e4nk till artikeln. Lars Calmfors m fl, \u00d6verlever euron? Sex ekonomer om eurokrisen, FORES 2013. L\u00e4nk till tankesmedjan FORES presentation av boken. Lars Anell, Europas v\u00e4g &#8211; f\u00f6rening och m\u00e5ngfald, Premiss&hellip; <a class=\"more-link\" href=\"https:\/\/www.forumeudebatt.se\/?page_id=313\">Continue reading <span class=\"screen-reader-text\">L\u00e4stips<\/span><\/a><\/p>\n","protected":false},"author":1,"featured_media":0,"parent":0,"menu_order":0,"comment_status":"open","ping_status":"open","template":"","meta":{"_mi_skip_tracking":false},"_links":{"self":[{"href":"https:\/\/www.forumeudebatt.se\/index.php?rest_route=\/wp\/v2\/pages\/313"}],"collection":[{"href":"https:\/\/www.forumeudebatt.se\/index.php?rest_route=\/wp\/v2\/pages"}],"about":[{"href":"https:\/\/www.forumeudebatt.se\/index.php?rest_route=\/wp\/v2\/types\/page"}],"author":[{"embeddable":true,"href":"https:\/\/www.forumeudebatt.se\/index.php?rest_route=\/wp\/v2\/users\/1"}],"replies":[{"embeddable":true,"href":"https:\/\/www.forumeudebatt.se\/index.php?rest_route=%2Fwp%2Fv2%2Fcomments&post=313"}],"version-history":[{"count":84,"href":"https:\/\/www.forumeudebatt.se\/index.php?rest_route=\/wp\/v2\/pages\/313\/revisions"}],"predecessor-version":[{"id":1880,"href":"https:\/\/www.forumeudebatt.se\/index.php?rest_route=\/wp\/v2\/pages\/313\/revisions\/1880"}],"wp:attachment":[{"href":"https:\/\/www.forumeudebatt.se\/index.php?rest_route=%2Fwp%2Fv2%2Fmedia&parent=313"}],"curies":[{"name":"wp","href":"https:\/\/api.w.org\/{rel}","templated":true}]}}